l.
16
Let d(s) = 9*s + 61. Let u be d(-4). Let b(g) = g**3 - 25*g**2 + 5*g - 6. Let v be b(u). Calculate the highest common factor of 7 and v.
7
Let p = -5816 - -5904. Let d(v) = -v**2 + 10*v. Let o be d(8). What is the highest common divisor of o and p?
8
Let w(d) = -d**3 - 6*d**2 - 9*d - 6. Let r be w(-6). Let h(n) = -4*n**2 - 219*n - 114. Let y be h(-54). What is the greatest common divisor of y and r?
48
Suppose 27 = 8*n - 13. Suppose 11*z = 6*z + n, 18 = o + z. What is the highest common divisor of 289 and o?
17
Suppose -114*u = -88*u - 780. Suppose d + a = u, -27*a - 34 = -d - 29*a. What is the highest common divisor of 26 and d?
26
Let o = -3531 + 3534. What is the greatest common divisor of 1401 and o?
3
Let b be 1/(-2)*-11*(-17 - -19). Let x(r) = 3*r. Let y be x(1). Let d(n) = n**2 + n - 1. Let j be d(y). Calculate the greatest common divisor of b and j.
11
Let w be ((-54351)/270)/(-33)*10. What is the greatest common factor of 17141 and w?
61
Let o(p) = -5*p - 21. Let i be o(-3). Let j(k) = 13*k + 87. Let t be j(i). What is the greatest common divisor of 90 and t?
9
Suppose 153*w - 154*w = 4*i - 163, -5*w + i + 731 = 0. Calculate the greatest common factor of 150 and w.
3
Let w(d) = -18*d - 79. Suppose 20*l + 75 = -45. Let z be w(l). What is the highest common divisor of z and 145?
29
Let b(q) = -7*q - 28. Let n be (16/(-24))/(6/45). Let y be b(n). Calculate the highest common divisor of 77 and y.
7
Let z(y) = 401*y - 7410. Let d be z(20). Calculate the greatest common divisor of d and 122.
122
Let m(o) = -199*o - 258. Let j be m(-2). Calculate the greatest common factor of 440 and j.
20
Suppose 3*m + 2*m + 3*f - 480 = 0, -5*f = -4*m + 347. Suppose -5*b + a + 160 = 0, 2*a + 14 = 4. What is the highest common factor of m and b?
31
Suppose -5*o - 64*g + 62*g = -8, 0 = -5*o - 4*g - 4. Calculate the greatest common divisor of o and 1252.
4
Let g = 67 - 62. Suppose 3*x + f - 209 = 0, -g*x + 3*f + 99 = -226. Let r be 45*(-3 - x/(-20)). Calculate the greatest common factor of 18 and r.
18
Let l = 772 - 1393. Let b = l - -1006. Calculate the greatest common divisor of b and 35.
35
Let h(l) = 4*l - 17. Let z be h(6). Suppose -z*s + 108 = -102. What is the highest common divisor of 30 and s?
30
Let v(g) = -g**3 + 13*g**2 + 6*g - 28. Suppose -7 = 2*k - 33. Let n be v(k). Calculate the highest common divisor of n and 75.
25
Suppose 0 = -10*u - 214*u + 47712. What is the greatest common factor of u and 6461?
71
Let t = 499 - 332. Let n = t - 160. What is the highest common factor of n and 35?
7
Let l = -104 - -164. Let g(a) = -16*a + 91. Let u be g(7). Let d be (-5177)/(-217) - 3/u. Calculate the greatest common factor of l and d.
12
Let u be (-28)/(-14)*287/1. What is the highest common divisor of u and 2378?
82
Let x = 588 - 350. Let p = x + -223. What is the highest common factor of p and 30?
15
Suppose 0 = -13*y + 8*y + 255. Suppose u - 57 = -y. Let o = 6 - -9. Calculate the greatest common divisor of o and u.
3
Let u = 13 + -72. Let k = -17 - u. What is the highest common divisor of 70 and k?
14
Suppose 3*v - 14754 = 99726. Calculate the highest common factor of v and 53.
53
Let q = 10539 + -8537. Calculate the highest common factor of q and 2618.
154
Let x(y) = -47*y + 299. Let c be x(6). Suppose 3*v = -117 + 27. Let m = c - v. Calculate the greatest common factor of 235 and m.
47
Let n = -97 - 4. Let x = -113 - n. Let o = -3 - x. Calculate the greatest common divisor of 72 and o.
9
Let u(w) = -6*w + 11. Let y be u(-4). Let p(l) = -10*l**3 + 3*l**2 + 12*l - 6. Let c be p(3). Let j = 248 + c. What is the highest common factor of j and y?
35
Let t be (0 + -34 + 12)*15/(-6). What is the highest common divisor of t and 385?
55
Let i = -174 - -187. Suppose -21*g + i*g + 128 = 0. Calculate the highest common factor of g and 16.
16
Suppose -5*u - 483 = -y, 3*u + y + 285 = 4*y. Let w = u - -101. What is the greatest common factor of w and 68?
4
Suppose 0 = -3*q + 2*j + 143 + 190, -5*q = 5*j - 555. What is the highest common divisor of q and 1813?
37
Let k be (1230/(-60))/(-2*1/164). Suppose -k - 257 = -6*n. What is the greatest common factor of 19 and n?
19
Let f(d) = 52*d**2 + d - 24. Let t be f(2). Calculate the highest common divisor of 3038 and t.
62
Suppose 0 = 3*t - 20 + 5. Suppose t = -3*v + 5*w, -4*w + 4 = 5*v - 3*v. Suppose v = -6*p - 4*p + 240. Calculate the highest common factor of 216 and p.
24
Suppose -5*h + 3 = -2*h. Let q be (-1800)/(-1650) + 10/11. Calculate the highest common divisor of q and h.
1
Let r be 2 - 27/12 - 1636/(-16). Let p = r - 12. Let i(m) = -m**3 + 6*m**2 - 3*m - 5. Let a be i(4). Calculate the highest common factor of p and a.
15
Suppose -3*g - 158 - 26 = -26*g. Calculate the greatest common divisor of 31 and g.
1
Suppose -2*l - 3*y + 19 = -13, -l = 5*y - 30. Let z be (1/(-1) - -2)*(24 - -1). Calculate the highest common factor of l and z.
5
Suppose 5*h - 10*p + 5*p - 6885 = 0, -2*h - 3*p = -2769. What is the greatest common factor of 92 and h?
92
Let m be (-267)/(-3) + (-8 - -4). Suppose -u + m = 4*u. Let p = 388 + -201. What is the greatest common factor of p and u?
17
Let p(c) = -6*c - 8. Let k be p(13). Let z = 58 - k. Suppose -3*b + 111 = 3*a, 0 = -0*a - 4*a + 2*b + 142. What is the highest common factor of z and a?
36
Let d(x) = x**3 + 11*x**2 - 112*x - 972. Let f be d(-10). What is the greatest common factor of 2914 and f?
62
Let w be 1680/(-56)*2*(-3)/12. Let j(l) = 20*l - 5. Let x be j(10). Calculate the greatest common divisor of x and w.
15
Suppose 80 = 4*x - 30*i + 28*i, 5*x - 74 = -4*i. What is the greatest common factor of 1494 and x?
18
Let p = 10 - 5. Suppose p*u + 3 = 58. Suppose -4*h + 210 = -3*w + 6*w, w + 3*h = 75. What is the greatest common factor of w and u?
11
Let p = -28384 - -30065. What is the highest common factor of 41 and p?
41
Suppose -672*p - 14 = -679*p. Let z be 2 - (-3014)/12 - p/12. What is the highest common factor of 22 and z?
11
Let x = 0 + 0. Let a be 2*(0 - x - -4). Let o = 152597 + -152593. What is the greatest common divisor of o and a?
4
Suppose -6*q - 13 + 79 = 0. Suppose -3*c + 3 = -0. Calculate the greatest common divisor of c and q.
1
Let n(f) = 5*f**2 + f + 17. Let t be n(-6). Let x = t + -67. Calculate the greatest common factor of 4 and x.
4
Let d(j) = j**2 + 3*j - 96. Let n be d(-15). Calculate the highest common factor of n and 4564.
28
Suppose 3*p - 419 - 256 = 0. Let o = p - 217. Calculate the greatest common factor of o and 1.
1
Suppose 9*z = 6*z + 9. Suppose -w - z*w = -60. Let r = w + 18. Calculate the highest common factor of 363 and r.
33
Let s be (-19)/4 - (-13)/(-52). Let q be 1*45 - (12 - (13 + s)). Calculate the greatest common factor of q and 41.
41
Let k(i) = 10*i**2 + 11*i - 89. Let m be k(-13). Calculate the highest common divisor of 2 and m.
2
Let o = -4 + 27. Let b(g) = g**3 + 96*g**2 - 12*g - 853. Let k be b(-96). Calculate the greatest common factor of k and o.
23
Let o(j) = j**3 + 20*j**2 - 397*j + 210. Let s be o(29). Calculate the greatest common factor of 38 and s.
38
Let f(q) = -16*q**2 - 111*q - 169. Let z be f(-3). Let w(b) = -b**2 + 9*b + 2. Let r be w(7). Calculate the greatest common factor of r and z.
4
Suppose 661 + 809 = 14*k. What is the greatest common factor of k and 90?
15
Let m be (1*6)/((-3)/(-8)). Let z = 7271 - 7269. Calculate the greatest common factor of z and m.
2
Let l(t) = 27 - 19 - 3*t**3 + 2*t**3 + 8*t**2. Let c be 1*32/(0 + 4). Let g be l(c). What is the greatest common divisor of 96 and g?
8
Suppose 3*p = -0*p + 258. Let n be 2154/10 + 296/(-40) + 7. What is the greatest common divisor of p and n?
43
Let q be 886/20 - 66/220. Calculate the greatest common factor of q and 4378.
22
Let h = -32 - -58. Suppose 19*m - 3510 = -11*m. Calculate the highest common divisor of h and m.
13
Suppose 0 = -5*i + 4*w + 100, -w + 317 - 397 = -4*i. What is the highest common factor of i and 590?
10
Suppose -4 = -2*a, -11*r + 5*a = -12*r + 54. Calculate the greatest common divisor of r and 92.
4
Let z be 2/(-8)*1 + (-326046)/(-56). What is the greatest common divisor of z and 164?
82
Let z(o) = 55*o**2 + 1. Let a be z(1). Suppose 2*b = 4*x + 52, 0 = b - 6 + 2. Let y = 73 - x. What is the highest common divisor of a and y?
28
Supp